g - 1. Let o = -152 - -152. Suppose -5*m + 30 = 4*r, -m - r + o*r + 5 = 0. What is x(m)?
-21
Let l(u) = 17*u - 261. Suppose -1860 = -280*v + 156*v. What is l(v)?
-6
Suppose -19*x - 64 = 3*y - 14*x, -2*x = 3*y + 67. Let d(c) = c**2 + 18*c - 110. Calculate d(y).
5
Let f(k) = -3*k - 27. Let i(z) = 80 + 14*z - 40*z + 15*z - 382 + 35*z. Let l be i(12). Give f(l).
15
Let i be -9 + -8 + -9 - 4. Let t be 4/(-8) + 75/i. Let b(w) = w - 3. Give b(t).
-6
Let t(s) = -35*s - 33*s**2 + s**3 + 618 - 1259 + 623. Calculate t(34).
-52
Let m(z) = -z**2 + 8*z + 9. Let u be (1 - -4)/(-1) - (-17 - (10 + -13)). Determine m(u).
0
Let x(j) = -121*j + 32. Let r(g) = -221*g + 63. Let z(m) = -6*r(m) + 11*x(m). Give z(-10).
24
Let q(h) = 59*h**2 + 63*h**2 - 183*h**2 - 4 + 64*h**2 + 2*h - h**3 - 1. Determine q(3).
1
Let p(t) = -75*t - 780. Let v be p(-11). Let n(m) = -m**3 + 45*m**2 - m + 28. Give n(v).
-17
Let i(o) = -9*o**2 + 7*o + 2. Let s(x) = -5*x**2 + 3*x + 2. Suppose 0 = 7*c - 2*c, -2*h = -c + 14. Let j(b) = h*s(b) + 4*i(b). Determine j(6).
0
Let s(z) = 2*z + 17. Let u(b) = b + 11. Suppose -5*t = -15 - 25. Let j(i) = t*u(i) - 5*s(i). Suppose 0 = 2*p - 12 + 6. What is j(p)?
-3
Suppose -10526*y + 10552*y = -390. Let v(z) = z**2 + 18*z + 21. What is v(y)?
-24
Let f(g) = g - 4. Let z(c) = 9*c**2 + 1. Let o be z(-1). Let t = 127 + -114. Suppose 0 = -k + t - o. What is f(k)?
-1
Let x be -108*(5 + -6) - 3. Suppose o + x = -14*o. Let k(g) = -g**3 - 6*g**2 + 4*g - 2. Calculate k(o).
19
Let c(t) be the third derivative of -t**5/60 - 5*t**4/8 - 22*t**3/3 + 3*t**2 + 79*t. What is c(-11)?
0
Let j be (-33)/(-110) + 0 + 381/30. Let t(d) = -d - 3. Give t(j).
-16
Let p(z) = -z**3 - 20*z**2 - 25*z + 22. Let y be 4/3*(-399)/28. What is p(y)?
136
Let g(m) = 35 + 10*m**2 - 7*m - 7*m - 1088*m**3 + 1087*m**3. Determine g(9).
-10
Let n(b) = b**3 + 6*b**2 + 6*b + 1. Let i = 84 + -117. Let v = i - -30. Let r be ((60/v)/(-5))/(-1). Calculate n(r).
9
Let l be 4*1 - (-42)/(-6). Let v(g) be the second derivative of -g**5/20 - g**4/12 + 5*g**3/6 + 2*g**2 + g - 69. Give v(l).
7
Let t(k) = k**3 + 12*k**2 + 7*k - 44. Suppose 4*l + 37 = -7. Let n be t(l). Let s(z) = -z + 1. Let p(v) = v**2 - 3*v + 2. Let d(o) = p(o) - 3*s(o). Give d(n).
-1
Let m(c) = -c**2 - 22*c + 34824 - 17418 - 17417. What is m(-19)?
46
Let y(r) = 102*r + 29 + 23 + 79*r - 13*r**2 + 79*r - 209*r - r**3. What is y(-16)?
4
Let t(x) = -3*x + 5. Let u = -613 - -615. Let k(m) = -2*m - 2. Let v(s) = u*t(s) + 6*k(s). What is v(-1)?
16
Suppose x + 1 = o, -2 = -3*x + o + 3. Let m(n) = -5*n + 29*n + x - 8*n - 11*n. Calculate m(4).
23
Let f(d) = 17*d**2 + 96*d - 94. Let u(n) = 22*n**2 + 128*n - 125. Let z(c) = -9*f(c) + 7*u(c). Determine z(-33).
4
Let h(t) = 16*t**2 - 28*t - 90. Let j(i) = -23*i**2 + 41*i + 128. Let q(v) = 10*h(v) + 7*j(v). Calculate q(10).
-34
Let b(s) = s**3 - 9*s**2 + 14*s + 27. Let n be b(6). Let u(c) be the third derivative of 0*c - 20*c**2 - 7/3*c**n - 1/24*c**4 + 0. What is u(-7)?
-7
Let b(v) be the first derivative of -v**4 + v**3 - 2*v**2 + 2*v + 563. Calculate b(2).
-26
Let c(u) = 78*u - 4. Let n(q) = -94*q + 3. Let b(p) = 6*c(p) + 5*n(p). Determine b(-10).
11
Suppose -200 = 2*n + 2*n. Let c be ((-9)/(-18))/(n/(-48) - 1). Let l(u) = 4 + 4 - 7 - c*u + 3*u. Calculate l(-1).
10
Let k = -2479 + 2485. Let s(z) be the second derivative of k*z - 1/2*z**2 + 7/6*z**3 + 0. Calculate s(1).
6
Let a(l) be the second derivative of -l**5/10 + 2*l**4/3 + 3*l**3/2 + 3*l**2 - 815*l. Give a(5).
1
Let d(k) = -2*k - 12. Let c(x) = -2*x - 11. Let o(p) = -3*c(p) + 4*d(p). Let n(l) = l**2 - 9*l - 43. Let f be n(13). Suppose y + f*y + 100 = 0. Determine o(y).
5
Let q(i) = 3*i**3 - 3*i**2 - 2*i - 1. Let c(y) = -2266*y + 15864. Let k be c(7). What is q(k)?
7
Let o(h) = h - 4. Suppose 29*v - 150 = -v. Let l(t) = -4*t + 13. Let k(j) = v*o(j) + l(j). Let d = 8 - 3. Calculate k(d).
-2
Let c(f) = 18*f - 3. Let p be c(1). Let t be -2 - (-5)/(p/54). Let h = t - 20. Let o(q) = -2*q**2 - 5*q + 1. What is o(h)?
-11
Let g(u) = -u**2 + 14*u + 15. Let s be g(11). Let c = 50 - s. Let v(b) = b + b**c + b**2 - 3*b**2. Calculate v(-2).
-6
Suppose u = -5 + 10. Let v(p) = -p + 6*p + u + 3 + 1. What is v(-2)?
-1
Let c(s) = 2 - 6*s + 0 + 5*s**2 + 3 + s**3. Let b(m) = 69*m + 5583. Let x be b(-81). Calculate c(x).
5
Suppose -97*b + 655 = 34*b. Let j(c) = 2*c**2 - 13*c + 13. What is j(b)?
-2
Let v(d) = -d**2 - 1 + 1 + 2*d - 4. Let x(w) = -117*w**2 - 701*w + 10. Let z be x(-6). Calculate v(z).
-12
Let i = 8 - 5. Suppose -2*q - 6 = 0, -4*q - 14 = -i*r + 13. Let h(x) = -x**2 - 3 + 2*x - 6*x + 4*x + 6*x. Determine h(r).
2
Let y(r) = -2*r**3 + r**3 - 2 - 6*r**2 + 13*r - 19*r + 0*r**3. Let s be y(-5). Let v(k) = -22*k**2 + 3*k**s - 4*k**3 + 31*k**2 - 9. What is v(9)?
-9
Let f(p) = p**3 + 6*p**2 - 6*p + 10. Let d(l) be the third derivative of l**4/24 - 2*l**3/3 - 50*l**2. Let x be d(-3). Calculate f(x).
3
Let a = -153 - -166. Suppose 18*s = -a*s + 31. Let w(m) = 7*m**2 + 1. What is w(s)?
8
Let i(y) = y**2 + 7*y - 918. Let f be i(27). Let s(b) be the second derivative of 7/2*b**2 - 5*b + f + 1/2*b**3. Give s(-5).
-8
Let t(a) = -3*a**2 + a + 5. Let i(k) = 4*k**2 - k - 6. Let w(c) = -5*i(c) - 6*t(c). Suppose -3487*z + 3578 = -3396. Give w(z).
-10
Let f(q) = -4*q**2 - 5*q - 11. Let k(d) = -327*d - 1630. Let a be k(-5). Calculate f(a).
-136
Let d(v) = -11*v + 11. Let a(j) = -6*j + 15. Let n(m) = -3*a(m) + 4*d(m). Calculate n(-1).
25
Let j be 24*6/(-9)*-1. Let l(c) = -10 + 0 + j + 2*c. Calculate l(-5).
-4
Let v(m) = -11*m**2 + 2*m - 3. Let g be v(-3). Let k = 151 + g. Let z = k + -38. Let j(q) = q**3 - 5*q**2 - 3*q - 1. Calculate j(z).
-16
Let i(k) = -7*k**2 - 144*k - 7. Let p(o) = -2*o**2 - 36*o - 2. Let z(d) = -6*i(d) + 26*p(d). Let h be z(-7). Let g(q) = 3*q - 9. Calculate g(h).
3
Let u(q) = -2929*q - 28. Let i(p) = -1464*p + 1. Let t(c) = -2*i(c) + u(c). Suppose -3*f + 8*f = 0. What is t(f)?
-30
Let l(i) = -2*i + 16. Let w be l(6). Suppose 2*y + w*y - 18 = 0. Let s(o) = -o**3 + 5*o**2 + 2*o + 4. What is s(y)?
28
Suppose 0 = 57*s + 285 - 57. Suppose 0*d = -2*d + 4. Let p(x) = -5 - 6*x + 5*x**d + 2*x**3 - x**3 - x + 8*x. Calculate p(s).
7
Let r(c) = 6*c**3 + c**2 + 11*c - 1. Let i(w) = -7*w**3 - w**2 - 13*w + 2. Let t(p) = -5*i(p) - 6*r(p). Let a = 3 + -10. Let o be 0 + 0/(3 + a). Determine t(o).
-4
Let f = 14 + -8. Suppose 7*t = f*t. Let h(z) be the second derivative of -z**5/20 - z**4/12 - 4*z**2 - 64*z + 1. Determine h(t).
-8
Let x be (-958)/(-2)*(-1 + -1)/(-2). Let p = -57 + x. Let l(k) = -2*k + k**3 + 426*k**2 - p*k**2 - 2 - k. Calculate l(-4).
10
Let m(w) = -2*w**2 - 12*w - 22. Let p be (2/((-10)/25))/((-70)/(-28)). Give m(p).
-6
Let y(l) = l + 1. Let v = 9 - 39. Let o be 0 - 17/(85/v). What is y(o)?
7
Let s = 11275 - 11274. Let h(c) = -18*c**2 - c + 2. Calculate h(s).
-17
Suppose 19*g = -59 + 2. Let t(q) be the first derivative of q**2 + 3*q + 127. Give t(g).
-3
Let m(i) be the second derivative of -i**3/6 - i**2/2 - 1085*i. Determine m(-1).
0
Let y = -3 + 1. Let p = -869 + 874. Let a(z) = -7*z - 13. Let d(q) = -12*q - 22. Let o(c) = p*a(c) - 3*d(c). Calculate o(y).
-1
Let q(f) = -f**3 + f**2 - 8*f - 11. Let r be q(-1). Let w(l) = -6*l**2 - 2*l + 1. Let o(g) = -g. Let i(j) = 2*o(j) - w(j). Give i(r).
5
Suppose -3*a = -4*g + 9, -2*a + 0*g = -g + 11. Let b(w) = w**2 + 12*w + 19. Let u(p) = 5*p**2 + 61*p + 100. Let r(k) = 11*b(k) - 2*u(k). Give r(a).
-12
Let j(w) = w**3 + 7*w**2 - 9. Let r(b) = -b**2 + 118*b - 784. Let u be r(7). Give j(u).
-9
Suppose 4 + 0 = 37*d + 4. Let q(f) = -2*f**2 - 2*f + 1. Give q(d).
1
Let s(o) = -o**3 - 23*o**2 + 22*o - 52. Suppose -282*g + 270*g = 288. Determine s(g).
-4
Let j(p) = -5*p**3 - 3*p**2 + 7*p - 1. Let s be 8/6 + (-1162)/(-1743). Give j(s).
-39
Let q(r) = r + 3. Let x(o) = 8*o + 19. Let i(u) = -4*q(u) + x(u). Let n(g) = -7*g - 17. Let s(m) = -5*i(m) - 2*n(m). Give s(-3).
17
Let j(c) = 2*c**3 + 2*c**2 + 3*c + 3. Let y(d) = -d - 6. Let b be y(-3). Let x be j(b). Let m be 42/4*(-28)/x. Let p(i) = i - 5. Determine p(m).
2
Suppose 0 = 5*y + 11 - 136. Suppose 9*d + 20 = -y. Let g(q) = 2*q**2 + 8*q + 4. Give g(d).
14
Let j(c) = 10*c**3 - c. Let o = -100 - -50. Let x = -45 - o. Suppose x*d = -2*s + 7, -2*s - 5*d + 3 = -4*s. Give j(s).
9
L